008?
True
Is 40774392 a multiple of 6?
True
Is 388250358 a multiple of 1182?
True
Is 2246633129 a multiple of 252?
False
Does 76 divide 7485222?
False
Is 37304681 a multiple of 3171?
False
Is 5 a factor of 589656764?
False
Is 124 a factor of 74683635?
False
Is 1207 a factor of 10984376?
False
Is 4437528 a multiple of 69?
True
Is 1260 a factor of 307063260?
True
Is 383185064 a multiple of 1546?
False
Does 23 divide 19508264?
False
Is 19384940 a multiple of 19?
True
Does 1058 divide 60487976?
True
Is 129759019 a multiple of 64?
False
Is 340949149 a multiple of 677?
False
Is 1709541209 a multiple of 743?
True
Does 19 divide 46188791?
True
Is 6 a factor of 899377932?
True
Is 34178452 a multiple of 2138?
False
Is 706 a factor of 579334331?
False
Is 22 a factor of 551435566?
True
Is 19000475 a multiple of 325?
True
Is 99 a factor of 1256147244?
True
Does 165 divide 162674985?
True
Does 95 divide 218917240?
True
Is 11 a factor of 142918996?
True
Is 153766122 a multiple of 102?
True
Is 341 a factor of 77971355?
True
Does 154 divide 11027093?
False
Is 1461 a factor of 14763757?
False
Does 26 divide 891072773?
False
Is 3780 a factor of 162127980?
True
Does 197 divide 1624515781?
True
Is 874498886 a multiple of 454?
True
Is 759 a factor of 299031579?
True
Is 50555735 a multiple of 20?
False
Does 3931 divide 244901300?
True
Is 76 a factor of 197372228?
True
Is 757060850 a multiple of 333?
False
Is 1008951366 a multiple of 435?
False
Is 38746760 a multiple of 2770?
True
Does 74 divide 104835530?
False
Is 1589 a factor of 120749699?
True
Does 10 divide 282726778?
False
Is 103317870 a multiple of 110?
False
Does 575 divide 274364700?
True
Does 250 divide 464592047?
False
Does 20 divide 135828540?
True
Is 888 a factor of 6855219?
False
Is 666800800 a multiple of 6563?
True
Is 63142708 even?
True
Is 1115082778 a multiple of 1454?
True
Is 147633572 a multiple of 4?
True
Is 25136405 a multiple of 7?
True
Is 2700856242 a multiple of 2826?
True
Does 107 divide 340618236?
True
Does 335 divide 70507785?
True
Is 503248513 a multiple of 841?
True
Is 407 a factor of 142716015?
False
Is 374984526 a multiple of 136?
False
Is 230 a factor of 22601782?
False
Is 33803368 a multiple of 489?
False
Does 57 divide 36648012?
False
Is 404032847 a multiple of 461?
True
Does 6 divide 107561934?
True
Is 13 a factor of 5341284?
True
Is 1246 a factor of 68313196?
True
Does 37 divide 211019288?
True
Is 295813560 a multiple of 3497?
False
Is 2044 a factor of 56692384?
True
Does 1434 divide 3094591?
False
Is 340789410 a multiple of 4266?
True
Is 88222272 a multiple of 16?
True
Does 212 divide 89681002?
False
Is 29 a factor of 1009616295?
True
Is 206540 a multiple of 72?
False
Is 2064496352 a multiple of 16?
True
Is 1042 a factor of 1481916770?
True
Is 1064951520 a multiple of 2760?
True
Does 3 divide 246105606?
True
Is 60 a factor of 4536322261?
False
Is 2017 a factor of 104321364?
False
Is 912254 a multiple of 34?
True
Is 10638646 a multiple of 2053?
True
Is 43252594 a multiple of 1617?
False
Is 499936058 a multiple of 166?
True
Is 151422224 a multiple of 1063?
True
Is 16 a factor of 238316827?
False
Does 20 divide 437279491?
False
Does 5191 divide 2484152154?
False
Does 22 divide 900453598?
True
Is 13 a factor of 110511609?
True
Is 3356492880 a multiple of 8528?
True
Is 165339189 a multiple of 36?
False
Is 219 a factor of 31038432?
True
Does 20 divide 667820?
True
Is 1470 a factor of 746380829?
False
Is 2465 a factor of 254659150?
True
Is 336 a factor of 63981131?
False
Is 52255914 a multiple of 587?
True
Is 8 a factor of 93040526?
False
Is 14 a factor of 1116997546?
True
Does 104 divide 204296962?
False
Is 2088 a factor of 105463019?
False
Is 9 a factor of 980316?
True
Is 1774 a factor of 80649826?
False
Is 204202687 a multiple of 44?
False
Is 37 a factor of 169245067?
True
Is 6621 a factor of 643727161?
False
Does 6727 divide 99464215?
False
Is 152879832 a multiple of 4?
True
Is 15207660 a multiple of 260?
True
Is 221 a factor of 226948878?
True
Is 25578678 a multiple of 7?
False
Does 8 divide 103429587?
False
Does 15 divide 19964115?
True
Is 352342643 a multiple of 239?
True
Is 372 a factor of 2465199360?
True
Does 107 divide 45289569?
True
Is 7495242 a multiple of 354?
True
Is 163603732 a multiple of 58?
True
Does 22 divide 501853220?
True
Is 52 a factor of 164603363?
False
Does 753 divide 200169990?
True
Does 24 divide 130865760?
True
Is 63 a factor of 198620541?
True
Does 91 divide 5488331?
False
Is 23 a factor of 678830317?
False
Is 5 a factor of 21039972?
False
Does 32 divide 48475600?
False
Does 1205 divide 27028150?
True
Is 35 a factor of 33474350?
True
Does 5647 divide 654284008?
True
Does 70 divide 5035129934?
False
Is 39 a factor of 743226822?
True
Does 20 divide 13274239?
False
Is 9 a factor of 6955014?
False
Is 30715950 a multiple of 46?
False
Does 53 divide 100962509?
True
Does 7 divide 35722807?
False
Is 62735669 a multiple of 56?
False
Does 83 divide 841910085?
True
Is 1735013672 a multiple of 788?
True
Is 93 a factor of 3883642?
False
Does 1072 divide 46203200?
True
Is 176 a factor of 67976480?
True
Does 20 divide 446935187?
False
Is 2308692 a multiple of 6?
True
Does 2741 divide 10169110?
True
Does 647 divide 622811258?
True
Is 382 a factor of 130659107?
False
Is 12 a factor of 20040084?
True
Is 5 a factor of 5764683?
False
Does 1408 divide 6606980?
False
Is 47 a factor of 171565082?
False
Is 2501 a factor of 563392767?
True
Is 118 a factor of 290365314?
True
Is 45 a factor of 489707325?
True
Is 1736720400 a multiple of 50?
True
Is 86528759 a multiple of 19?
False
Is 44 a factor of 4225794?
False
Does 17 divide 21187794?
False
Is 40 a factor of 42681345?
False
Does 1892 divide 758797952?
True
Does 10 divide 119249236?
False
Does 234 divide 14356226?
False
Is 62 a factor of 2029484840?
False
Is 13 a factor of 657238062?
True
Is 56 a factor of 317813865?
False
Does 7 divide 43810333?
True
Is 7714011 a multiple of 252?
False
Is 38 a factor of 133386583?
False
Does 10 divide 24542290?
True
Does 115 divide 9341805?
False
Is 296 a factor of 251554827?
False
Does 818 divide 53834216?
True
Does 384 divide 186234938?
False
Does 513 divide 127101906?
True
Does 504 divide 1026870768?
True
Is 776353903 a multiple of 739?
False
Is 3496 a factor of 85788656?
False
Does 7 divide 12724490?
False
Does 7221 divide 1878777593?
False
Is 176 a factor of 4896167?
False
Is 725456177 a multiple of 1334?
False
Does 705 divide 668895540?
True
Is 19381314 a multiple of 3?
True
Does 32 divide 410013888?
True
Is 12 a factor of 94194804?
True
Does 70 divide 84520562?
False
Does 4 divide 24849260?
True
Does 28 divide 3084746?
False
Is 2787 a factor of 596850373?
False
Does 11 divide 3031611?
True
Is 197126396 a multiple of 827?
False
Is 184143163 a multiple of 131?
True
Does 25 divide 21085100?
True
Is 26 a factor of 205643776?
True
Is 6 a factor of 1350311769?
False
Is 104546932 a multiple of 237?
False
Does 253 divide 22537493?
True
Is 660471554 a multiple of 31?
True
Does 5206 divide 301906789?
False
Does 144 divide 92254964?
False
Is 228711840 a multiple of 14?
True
Is 11114719 a multiple of 187?
True
Is 1662897948 a multiple of 1707?
True
Is 1214 a factor of 802957810?
True
Is 42 a factor of 41475294?
True
Is 155 a factor of 10555789?
False
Is 63 a factor of 11854016?
False
Is 661 a factor of 8708675?
True
Is 8447146 a multiple of 274?
True
Does 397 divide 429826463?
False
Does 1211 divide 10330327?
False
Does 5547 divide 73575761?
False
Is 272478416 a multiple of 18?
False
Does 2714 divide 14764160?
True
Is 131864322 a multiple of 10?
False
Does 7 divide 768078080?
True
Does 635 divide 2925894580?
True
Is 369 a factor of 5630757?
False
Does 674 divide 3595692?
False
Is 481997092 a multiple of 180?
False
Is 325 a factor of 64895545?
False
Is 179 a factor of 96059276?
True
Is 1041552 a multiple of 16?
True
Is 15 a factor of 376342404?
False
Is 9188 a factor of 5348362364?
True
Is 1715 a factor of 139681825?
False
Is 55 a factor of 42150989?
False
Is 8454 a factor of 1003379652?
False
Is 2789 a factor of 77947858?
False
Is 20 a factor of 424233098?
False
Is 6391140 a multiple of 5?
True
Is 57856032 a multiple of 204?
True
Is 337 a factor of 4590156354?
True
Does 5 divide 24530514?
False
I